or of 83060 and 16930.
10
What is the greatest common divisor of 4477 and 82492388?
407
What is the highest common divisor of 6066 and 152946?
18
Calculate the highest common divisor of 1527 and 21999.
3
What is the highest common divisor of 12892 and 2156?
44
What is the highest common divisor of 10239 and 793?
1
What is the highest common divisor of 671 and 130492725?
671
Calculate the highest common divisor of 610717205 and 3535.
3535
Calculate the greatest common divisor of 946524 and 996.
12
Calculate the greatest common divisor of 27274163 and 556.
139
What is the greatest common factor of 138400 and 239600?
400
Calculate the highest common divisor of 31845 and 107970.
15
Calculate the highest common factor of 2736 and 55846548.
684
What is the greatest common factor of 3459249 and 244?
61
Calculate the highest common divisor of 3189 and 297987601.
1063
Calculate the highest common divisor of 3493 and 4585.
7
What is the highest common factor of 378 and 263058327?
189
Calculate the greatest common factor of 647827327 and 4039.
4039
What is the highest common divisor of 25662775 and 850?
425
What is the highest common divisor of 262388 and 364?
28
What is the highest common factor of 71277 and 219?
3
Calculate the greatest common divisor of 74576691 and 14.
7
What is the highest common divisor of 7350 and 35075670?
1470
What is the highest common divisor of 649730 and 855226?
3022
Calculate the greatest common divisor of 49130 and 4371414.
578
Calculate the highest common divisor of 4033226 and 284.
142
Calculate the greatest common factor of 3829 and 7560634.
547
What is the greatest common factor of 54852797 and 101?
101
What is the highest common divisor of 86542416 and 564?
564
Calculate the greatest common divisor of 98157413 and 214.
107
What is the highest common divisor of 6813300 and 135?
15
What is the highest common divisor of 1 and 1919909?
1
What is the highest common divisor of 157200 and 1392?
48
What is the highest common factor of 20478263 and 29?
29
Calculate the highest common factor of 384114 and 54.
6
Calculate the highest common divisor of 318331884 and 2895.
579
Calculate the greatest common divisor of 3090 and 10226870.
1030
Calculate the highest common divisor of 7357907 and 6865.
1373
Calculate the greatest common factor of 63 and 589460697.
63
Calculate the greatest common factor of 3560083 and 1304.
163
Calculate the greatest common factor of 2209 and 227339.
47
Calculate the highest common factor of 14168266 and 5754.
1918
What is the highest common factor of 35200 and 2042920?
440
Calculate the highest common factor of 29523573 and 915.
183
What is the highest common factor of 4370 and 19588502?
46
Calculate the greatest common divisor of 2726470 and 2198579.
5801
What is the highest common factor of 93048 and 6888?
24
Calculate the highest common factor of 2622089360 and 88.
88
Calculate the highest common divisor of 2165085 and 585.
585
What is the greatest common factor of 47579224 and 616?
616
Calculate the highest common divisor of 36872 and 71630564.
1676
What is the greatest common factor of 75 and 63181050?
75
Calculate the greatest common divisor of 1683 and 27018576.
153
Calculate the greatest common divisor of 31155950 and 27650.
350
Calculate the highest common divisor of 184832 and 512240.
304
Calculate the greatest common factor of 454669 and 20.
1
What is the highest common divisor of 86464675 and 3435?
1145
What is the highest common factor of 1817168 and 12878?
274
What is the greatest common factor of 287 and 307433?
7
Calculate the highest common factor of 139376109 and 18.
3
Calculate the greatest common factor of 190150538 and 2173.
2173
What is the highest common divisor of 46423410 and 2706?
66
What is the highest common divisor of 238 and 15459664?
34
Calculate the highest common factor of 2613752 and 100659.
89
Calculate the greatest common factor of 24406018 and 58604.
1274
Calculate the highest common divisor of 4000 and 1620640.
160
Calculate the highest common divisor of 3383259 and 5478.
33
Calculate the greatest common divisor of 2521 and 285745266.
2521
What is the highest common divisor of 73697029 and 114?
19
What is the greatest common factor of 271861 and 29?
1
Calculate the highest common factor of 47983 and 8021.
13
Calculate the highest common factor of 8775 and 699621.
39
What is the greatest common factor of 14 and 328921838?
14
What is the highest common factor of 22800 and 18030?
30
Calculate the highest common factor of 13021832 and 72.
8
What is the greatest common factor of 204785693 and 287?
287
What is the greatest common factor of 209020647 and 363?
33
What is the highest common divisor of 2565 and 552977064?
513
What is the highest common divisor of 91342 and 26793374?
838
What is the greatest common factor of 7816 and 94669346?
1954
Calculate the highest common factor of 44533808 and 110.
22
What is the greatest common factor of 69043900 and 100?
100
Calculate the highest common divisor of 84 and 14067942.
42
What is the highest common factor of 21746382 and 7?
7
What is the greatest common factor of 1224668848 and 884?
884
Calculate the highest common divisor of 2990175 and 12900.
75
Calculate the greatest common factor of 918 and 2594302.
34
What is the highest common divisor of 117312 and 3742986?
3666
Calculate the greatest common factor of 30081216 and 4224.
2112
Calculate the greatest common factor of 49531 and 17.
1
What is the highest common factor of 8562415 and 316?
79
Calculate the greatest common divisor of 3204495 and 3591.
189
What is the highest common divisor of 2061405 and 195?
15
Calculate the greatest common divisor of 1 and 106114532.
1
Calculate the highest common divisor of 1925 and 1682750.
25
Calculate the greatest common divisor of 4632505 and 13715.
1055
Calculate the greatest common factor of 1170687 and 1152711.
2247
Calculate the highest common factor of 42609328 and 944.
944
Calculate the greatest common divisor of 1230 and 7504025.
205
What is the highest common divisor of 166 and 30478?
2
Calculate the highest common divisor of 6778398 and 22506.
2046
What is the greatest common factor of 66 and 190174578?
66
Calculate the highest common divisor of 1136 and 365679536.
1136
What is the greatest common factor of 147320355 and 39?
39
Calculate the highest common divisor of 335808 and 36208.
16
Calculate the highest common factor of 4403896 and 3268.
76
What is the greatest common divisor of 168 and 4956728?
56
Calculate the greatest common factor of 10616 and 49456.
8
What is the highest common factor of 2238932 and 1790?
358
What is the highest common divisor of 15407 and 142352?
217
What is the greatest common divisor of 362302 and 11342?
214
Calculate the greatest common divisor of 2086410 and 17085.
255
Calculate the greatest common factor of 15888213 and 2387.
341
Calculate the greatest common divisor of 10787569 and 26.
13
What is the highest common divisor of 1338654 and 5656?
202
Calculate the greatest common factor of 3 and 546683.
1
Calculate the greatest common factor of 12164 and 341.
1
What is the greatest common factor of 29872 and 501992?
8
What is the highest common divisor of 4630 and 8576149?
463
What is the highest common factor of 15184 and 4157296?
208
Calculate the greatest common divisor of 2184 and 64324.
52
Calculate the highest common divisor of 112667139 and 19188.
4797
What is the greatest common divisor of 45232 and 154714?
514
Calculate the greatest common divisor of 1050838 and 73778.
1994
Calculate the highest common divisor of 182268186 and 136.
34
Calculate the greatest common factor of 59314 and 22.
2
Calculate the highest common factor of 2074204411 and 443.
443
Calculate the greatest common factor of 2507 and 5254787.
23
Calculate the highest common factor of 180 and 14093055.
45
Calculate the highest common factor of 25509 and 102201.
33
What is the greatest common divisor of 1472964 and 80582?
1874
Calculate the greatest common factor of 2882580 and 132.
12
Calculate the greatest common factor of 1813 and 34732936.
259
Calculate the highest common divisor of 368 and 1769696.
16
What is the greatest common factor of 6088083 and 26811?
993
Calculate the highest common divisor of 425452338 